{"id":283,"date":"2018-02-24T20:25:34","date_gmt":"2018-02-24T19:25:34","guid":{"rendered":"https:\/\/eurem.si\/?page_id=283"},"modified":"2025-02-07T14:54:30","modified_gmt":"2025-02-07T13:54:30","slug":"prijava","status":"publish","type":"page","link":"https:\/\/eurem.si\/?page_id=283","title":{"rendered":"PRIJAVA"},"content":{"rendered":"<p>Za EUREM 2026 se lahko prijavite preliminarno, in sicer tako, da po\u0161ljete sporo\u010dilo na elektronski naslov igor.ribic(at)ijs.si.<\/p>\n<p>Formalne prijave na izobra\u017eevanje v teko\u010dem letu pri\u010dnemo zbirati mesec dni pred za\u010detkom izobra\u017eevanja.<\/p>\n<p>&nbsp;<\/p>\n","protected":false},"excerpt":{"rendered":"<p>Za EUREM 2026 se lahko prijavite preliminarno, in sicer tako, da po\u0161ljete sporo\u010dilo na elektronski naslov igor.ribic(at)ijs.si. Formalne prijave na izobra\u017eevanje v teko\u010dem letu pri\u010dnemo zbirati mesec dni pred za\u010detkom izobra\u017eevanja. &nbsp;<\/p>\n","protected":false},"author":1,"featured_media":0,"parent":0,"menu_order":0,"comment_status":"closed","ping_status":"closed","template":"","meta":{"footnotes":""},"class_list":["post-283","page","type-page","status-publish","hentry"],"_links":{"self":[{"href":"https:\/\/eurem.si\/index.php?rest_route=\/wp\/v2\/pages\/283","targetHints":{"allow":["GET"]}}],"collection":[{"href":"https:\/\/eurem.si\/index.php?rest_route=\/wp\/v2\/pages"}],"about":[{"href":"https:\/\/eurem.si\/index.php?rest_route=\/wp\/v2\/types\/page"}],"author":[{"embeddable":true,"href":"https:\/\/eurem.si\/index.php?rest_route=\/wp\/v2\/users\/1"}],"replies":[{"embeddable":true,"href":"https:\/\/eurem.si\/index.php?rest_route=%2Fwp%2Fv2%2Fcomments&post=283"}],"version-history":[{"count":35,"href":"https:\/\/eurem.si\/index.php?rest_route=\/wp\/v2\/pages\/283\/revisions"}],"predecessor-version":[{"id":557,"href":"https:\/\/eurem.si\/index.php?rest_route=\/wp\/v2\/pages\/283\/revisions\/557"}],"wp:attachment":[{"href":"https:\/\/eurem.si\/index.php?rest_route=%2Fwp%2Fv2%2Fmedia&parent=283"}],"curies":[{"name":"wp","href":"https:\/\/api.w.org\/{rel}","templated":true}]}}