{"id":304,"date":"2018-02-24T20:49:02","date_gmt":"2018-02-24T19:49:02","guid":{"rendered":"https:\/\/eurem.si\/?page_id=304"},"modified":"2018-02-24T20:49:18","modified_gmt":"2018-02-24T19:49:18","slug":"elementor-304","status":"publish","type":"page","link":"https:\/\/eurem.si\/?page_id=304","title":{"rendered":"Pi\u0161kotki"},"content":{"rendered":"<p>Spletna stran uporablja pi\u0161kotke za la\u017eje brskanje po spletni strani in za bolj u\u010dinkovite storitve za uporabnike.<\/p>\n<p> <strong>Povezave<\/strong><\/p>\n<p> Spletna stran ponuja povezave na druge vsebine, ki so last tretjih oseb. Edini cilj povezav je zagotoviti uporabniku mo\u017enost dopolnjevanja informacij. Projekt Izobra\u017eevanje EUREM pod nobenimi pogoji ne sprejema nobene odgovornosti za posledice, ki lahko nastanejo pri dostopanju uporabnika do teh povezav.<\/p>\n","protected":false},"excerpt":{"rendered":"<p>Spletna stran uporablja pi\u0161kotke za la\u017eje brskanje po spletni strani in za bolj u\u010dinkovite storitve za uporabnike. Povezave Spletna stran ponuja povezave na druge vsebine, ki so last tretjih oseb. Edini cilj povezav je zagotoviti uporabniku mo\u017enost dopolnjevanja informacij. Projekt Izobra\u017eevanje EUREM pod nobenimi pogoji ne sprejema nobene odgovornosti za posledice, ki lahko nastanejo pri [&hellip;]<\/p>\n","protected":false},"author":1,"featured_media":0,"parent":0,"menu_order":0,"comment_status":"closed","ping_status":"closed","template":"","meta":{"footnotes":""},"class_list":["post-304","page","type-page","status-publish","hentry"],"_links":{"self":[{"href":"https:\/\/eurem.si\/index.php?rest_route=\/wp\/v2\/pages\/304","targetHints":{"allow":["GET"]}}],"collection":[{"href":"https:\/\/eurem.si\/index.php?rest_route=\/wp\/v2\/pages"}],"about":[{"href":"https:\/\/eurem.si\/index.php?rest_route=\/wp\/v2\/types\/page"}],"author":[{"embeddable":true,"href":"https:\/\/eurem.si\/index.php?rest_route=\/wp\/v2\/users\/1"}],"replies":[{"embeddable":true,"href":"https:\/\/eurem.si\/index.php?rest_route=%2Fwp%2Fv2%2Fcomments&post=304"}],"version-history":[{"count":2,"href":"https:\/\/eurem.si\/index.php?rest_route=\/wp\/v2\/pages\/304\/revisions"}],"predecessor-version":[{"id":306,"href":"https:\/\/eurem.si\/index.php?rest_route=\/wp\/v2\/pages\/304\/revisions\/306"}],"wp:attachment":[{"href":"https:\/\/eurem.si\/index.php?rest_route=%2Fwp%2Fv2%2Fmedia&parent=304"}],"curies":[{"name":"wp","href":"https:\/\/api.w.org\/{rel}","templated":true}]}}